 digit of v(7)?
7
Let g(x) = 16*x**3 + 2*x**2 + 3*x - 12. Let i be g(4). Let k = i - 624. What is the units digit of k/9*21/12?
4
Let g = 308 - 304. What is the hundreds digit of (-1 + 1186/g)*38/19?
5
Let g be 35952/(-96)*(144/14)/(-2). Suppose -2*f = f - b - 1448, 0 = 4*f + b - g. What is the hundreds digit of f?
4
Let v = 13350 - 4259. What is the thousands digit of v?
9
Let k(m) be the third derivative of m**4/12 + 91*m**3/6 + 180*m**2. Suppose 0 = -4*q - 4*i + 20, -q + 15 = -5*q + 3*i. What is the tens digit of k(q)?
9
Suppose 7*g - 3*g = -20, -5*g = 3*d - 104. Let b = d - 45. What is the tens digit of (-25)/10*(376/(-10) - b)?
8
Let b(d) = -6 + 73*d - 5 - 17 + 22. What is the units digit of b(2)?
0
Let y(v) = 6*v + 8. Let z be y(-10). What is the units digit of (z/8 - -6) + (-2113)/(-2)?
6
Suppose t - 3 = 0, -4*t = 431*m - 436*m + 84788. What is the hundreds digit of m?
9
Let t(r) = 2*r**2 + 12*r + 25. Suppose -3*v - 3*p = -24, 3*v - 8*p - 24 = -7*p. What is the units digit of t(v)?
9
Suppose 3*k + 7658 = 4*k. Suppose -107*x + k = -93*x. What is the hundreds digit of x?
5
Suppose 4*w = -4*l + 16480, 5*w + 30*l - 20580 = 15*l. What is the hundreds digit of w?
1
Let a be -1 + ((-14)/(-4) - 2)*2. Suppose -1030 = a*k - 7*k. What is the tens digit of k?
0
Suppose -57842 = -5*w + 2*c + 13139, -4*w = 2*c - 56792. What is the tens digit of w?
9
Suppose -20*o - 28 = -27*o. Suppose -2 = r - 4*g + o, -3*g = -2*r - 2. Suppose r*l + l = 762. What is the tens digit of l?
5
Let l(a) = -10 + 9*a - 20 + 4*a - 11. What is the hundreds digit of l(13)?
1
Let v = -35 + 44. Let c be (v/(108/(-8)))/(1/84). Let y = 184 + c. What is the hundreds digit of y?
1
Let b be 24 - (-4 - (-8)/2). What is the units digit of 932*1/(-3)*(-18)/b?
3
Suppose -5*k - 1 = -4*q + 4, 0 = -5*q + 5*k + 10. Suppose 188 = -2*b + q*m, 3*m - 46 = -2*b - 202. What is the hundreds digit of 144*b/(-40)*25/30?
2
Let u(h) = -4*h**2 + 21*h - 3. Let q be u(5). Suppose 2*p + q*k - 917 = 519, -5*p = 4*k - 3586. What is the tens digit of p?
1
Let r = 2420 - -3571. What is the hundreds digit of r?
9
Suppose 14*g + 1371 = -2325. Let z = g + 584. What is the hundreds digit of z?
3
What is the hundreds digit of -42 + 1 + 40 + -1169*(-14)/2?
1
Suppose j - 2*c = 7130, 5*j = 63*c - 59*c + 35674. What is the tens digit of j?
3
What is the units digit of 510/120*-8*1598/(-4)?
3
Suppose -19*h = -22*h - 5*m + 18460, -5*h - 2*m + 30773 = 0. What is the thousands digit of h?
6
Let a = -110 + 126. Suppose a*y - 715 - 3381 = 0. What is the hundreds digit of y?
2
Let i(t) = 105*t + 1339. Let r be i(-13). Let d = 6183 - 12567. What is the units digit of (-4)/r + d/(-78)?
2
Suppose 3*g + 161 = 10*g. Suppose -11738 = -g*n - 2400. What is the hundreds digit of n?
4
Let c be 3/(-6*2/(-36852)). Suppose -15*i + c = 3498. What is the tens digit of i?
8
Suppose -85*u = 8*u + 6045. Suppose y = 3*y + 32. What is the units digit of 14 + y - (-1 + u)?
4
Suppose 0 = -t - 5*x - 2, 3*t = -t - x + 11. Suppose -t*v = 2*z + 2*v - 225, -4*z = -v - 505. What is the tens digit of z?
2
Suppose -2*o + 5*k + 11917 + 11324 = 0, -3*o = -5*k - 34859. What is the hundreds digit of o?
6
Suppose -125*u = 98499 - 4868999. What is the thousands digit of u?
8
Suppose -4*k + 5*m = -6*k + 49, 0 = 3*m - 15. Suppose 772 = k*w - 8*w. What is the hundreds digit of w?
1
Let r(v) = 3*v**2 - 115*v - 1002. What is the units digit of r(65)?
8
Suppose 5*a + 2*y - 536 = 300, 4*a - y = 661. Let f = a + -120. What is the units digit of f?
6
Suppose -65*f + 795262 = 11*f - 1247466. What is the ten thousands digit of f?
2
Let b = -160 - -162. Let h(m) = m - 2. Let p be h(10). Suppose p*x - b*x - 66 = 0. What is the tens digit of x?
1
Let f(y) = -2*y + 40. Let p be f(0). Let h(c) = -c**2 - c + 48. Let q be h(0). What is the units digit of (p/12)/(2/q)?
0
Let p = 128 + -96. Suppose 0 = -p*w + 41*w - 396. What is the units digit of w?
4
Suppose -2*l + 3*n = 29, 2*n = -3*l - 9 - 28. Let d(u) be the first derivative of u**3/3 + 15*u**2/2 + 42*u + 5. What is the tens digit of d(l)?
1
Suppose 8098*m - 356 + 57056 = 8112*m. What is the units digit of m?
0
Let b be (-4 + 2)/2 + 2. Let a(z) = 76*z**3 - 1 + z - 5*z - 4*z + 10*z - z**2. What is the units digit of a(b)?
6
Let h(j) = -4*j**3 + 4*j**2 - 3. Let f be h(-1). Suppose -f*w + 7*w - 288 = -2*n, -w = -5*n + 738. What is the hundreds digit of n?
1
Let x(p) be the first derivative of -39*p**2/2 - 10*p - 7. What is the units digit of x(-3)?
7
Let b be 1278/12 + 3/(-2). What is the tens digit of b/(-126) - 821/(-6)?
3
Suppose -17*i - 57785 + 184316 = 0. What is the units digit of i?
3
Let s(b) = b**2 - 3*b - 2. Let y be s(-2). Let o be (-378)/(-1764) + (-9)/42. Suppose o = 4*j - y, 0 = 2*a + 4*j - 7*j - 412. What is the units digit of a?
9
Suppose 0 = 23*w - 131*w + 35640. What is the tens digit of w?
3
Let f(l) = -28*l - 42. Let n(z) = -52*z - 85. Let c(u) = -5*f(u) + 3*n(u). What is the units digit of c(-22)?
7
Suppose -4*b + 5*o = 13*o - 21884, 5*b + 3*o = 27348. What is the units digit of b?
9
Suppose 24*l - 20*l + 92 = 0. Let k(r) = -12*r - 19. What is the units digit of k(l)?
7
What is the units digit of (-51450)/20*(234/(-27) - (-16)/(-4))?
5
Let b = -2733 - -6262. Suppose -3*x - 884 = -l, 2*x + b = 4*l - 3*x. What is the tens digit of l?
8
Let f be 1 - -3 - -62 - 1. Let t(r) = -3 + 1 - f*r + 84*r. What is the tens digit of t(3)?
5
Let c(i) = i**3 - i**2 - 2*i + 2. Let r be c(2). Let n(s) = 3 + 9*s + 4*s**r + 18 - 4*s + 2*s. What is the hundreds digit of n(-8)?
2
Let g(i) = -1451*i**3 - i**2 + 5*i - 4. Let r be g(1). Let c = -832 - r. Suppose -c = -8*b + 237. What is the units digit of b?
7
Let l be (-162)/(-42) - 1/(-7). Suppose l*q - 1556 = -5*p + 2776, -4*q = -p - 4332. What is the thousands digit of q?
1
Let g(w) = -22*w - 9. Let z(p) = -111*p - 43. Let i(r) = 11*g(r) - 2*z(r). What is the units digit of i(-21)?
7
Let r(k) = k + 19. Let y be r(-9). What is the tens digit of (-8)/y - (-2 - 734/5)?
4
Let f = -10546 - -18499. What is the tens digit of f?
5
Let f = -11 + 20. Let n = 14 - f. Suppose 3*z - 384 = -3*q, -n*q + 0*z + z = -610. What is the tens digit of q?
2
Suppose -76*o = -82*o. Suppose -2*c - 5*j + 225 = o, 4*c - 228 = 2*c - 2*j. What is the tens digit of c?
1
Let d(k) = 596*k**2 + 25*k - 4. What is the hundreds digit of d(6)?
6
Let q = -4539 + 11425. What is the hundreds digit of q?
8
Let b = -12006 + 20072. What is the thousands digit of b?
8
Let d be 9/(-9) - (-4 + 0). Suppose -f + d*l = -0*f + 37, -4*f = -2*l + 108. Let o = f + 51. What is the units digit of o?
6
Let b = -19106 + 21870. What is the hundreds digit of b?
7
Suppose 3*v = 3*h + 9195 + 594, -3*v = -2*h - 9794. What is the tens digit of v?
6
Suppose -15*j - 4941 - 3669 = 0. Let f = j - -1368. What is the hundreds digit of f?
7
Let m(v) = 5 + 4*v - 2 + 10 + 3*v**2. Let z be m(-8). Suppose 4*l - z = l - 2*k, 3*l - 145 = 5*k. What is the units digit of l?
5
Let s = 422 - 421. Let l(z) = 410*z - 2. What is the units digit of l(s)?
8
Let h = -43956 - -77400. What is the units digit of h?
4
Suppose -3*a + 3*b + 735 = 0, 766 + 459 = 5*a + 3*b. Let u = 630 + a. What is the tens digit of u?
7
Let p(u) = 0 + 2*u**2 + 16*u**2 + u**3 + 12*u - 15. Suppose -180*a + 190*a + 170 = 0. What is the units digit of p(a)?
0
Let r = -46225 - -79214. What is the hundreds digit of r?
9
Suppose -250*z + 241*z = -11259. What is the tens digit of z?
5
Let s(j) = 7*j**3 - 15*j**2 - 8*j - 83. What is the thousands digit of s(10)?
5
What is the hundreds digit of (-42)/98*70098/(-9)?
3
What is the tens digit of 4 + ((-8)/12)/(1/(-103164))?
8
Let p(t) = 13*t**2 - 2*t + 19673. What is the ten thousands digit of p(0)?
1
Suppose 26*n - 33028 = 249306. What is the ten thousands digit of n?
1
Let j = 261 + 68. What is the tens digit of j?
2
Let f = 413 + 2792. What is the hundreds digit of f?
2
Let g be 0 + (-6 - (-3 - -4)). Let r(k) = k**3 + 22*k**2 - 13*k + 18. What is the hundreds digit of r(g)?
8
Suppose 48 + 141 = -7*s. What is the tens digit of ((-19)/4)/((297/616)/s)?
6
Let t = 39 - 35. Suppose 5*w + 2*s = 10*w - 1935, t*w - 2*s - 1546 = 0. What is the units digit of w?
9
Let i = 55 - -39. Let o(g) = -2*g + 602. Let r be o(0). Suppose i + r = 8*x. What is the uni